61, 263
What are the prime factors of 604465?
5, 53, 2281
List the prime factors of 194624.
2, 3041
List the prime factors of 2193806.
2, 953, 1151
List the prime factors of 231556.
2, 13, 61, 73
List the prime factors of 1732869.
3, 31, 6211
List the prime factors of 195730.
2, 5, 23, 37
What are the prime factors of 1881648?
2, 3, 73, 179
What are the prime factors of 10944815?
5, 7, 312709
List the prime factors of 161073.
3, 11, 1627
List the prime factors of 36533.
7, 17, 307
List the prime factors of 297284.
2, 13, 5717
List the prime factors of 212425.
5, 29, 293
What are the prime factors of 612251?
73, 8387
What are the prime factors of 187684?
2, 7, 6703
List the prime factors of 7293715.
5, 11, 13, 101
List the prime factors of 5214281.
193, 27017
List the prime factors of 637211.
17, 37483
List the prime factors of 61494.
2, 3, 37, 277
What are the prime factors of 9170461?
751, 12211
What are the prime factors of 4213448?
2, 526681
List the prime factors of 136511.
136511
What are the prime factors of 330648?
2, 3, 23, 599
What are the prime factors of 1081178?
2, 7, 29, 2663
What are the prime factors of 194026?
2, 7, 13859
List the prime factors of 1356531.
3, 11, 37, 101
What are the prime factors of 24847?
24847
What are the prime factors of 1267206?
2, 3, 127, 1663
List the prime factors of 17228921.
17228921
List the prime factors of 9919629.
3, 1102181
What are the prime factors of 143411?
61, 2351
List the prime factors of 18717974.
2, 11, 77347
What are the prime factors of 137780?
2, 5, 83
List the prime factors of 5117138.
2, 13, 97, 2029
List the prime factors of 250336.
2, 7823
What are the prime factors of 984419?
17, 79, 733
What are the prime factors of 753751?
753751
List the prime factors of 370756.
2, 59, 1571
What are the prime factors of 34808580?
2, 3, 5, 193381
List the prime factors of 2565161.
2565161
List the prime factors of 4830096.
2, 3, 47, 2141
What are the prime factors of 32435?
5, 13, 499
What are the prime factors of 354169?
354169
What are the prime factors of 2972829?
3, 449, 2207
What are the prime factors of 18507754?
2, 47, 401, 491
What are the prime factors of 4755658?
2, 73, 32573
List the prime factors of 261505.
5, 52301
What are the prime factors of 1523273?
41, 53, 701
What are the prime factors of 13808322?
2, 3, 11, 69739
What are the prime factors of 2354631?
3, 53, 59, 251
List the prime factors of 671201.
671201
List the prime factors of 444309.
3, 29, 5107
List the prime factors of 6387464.
2, 241, 3313
List the prime factors of 149585.
5, 29917
What are the prime factors of 252239?
13, 19403
What are the prime factors of 10291126?
2, 109, 47207
What are the prime factors of 300854?
2, 150427
List the prime factors of 7042057.
11, 47, 53, 257
List the prime factors of 11803987.
13, 907999
List the prime factors of 979802.
2, 489901
What are the prime factors of 243349?
37, 6577
List the prime factors of 243345.
3, 5, 16223
What are the prime factors of 10186735?
5, 13, 156719
List the prime factors of 455576.
2, 11, 31, 167
What are the prime factors of 741019?
19, 43, 907
List the prime factors of 447557.
11, 23, 29, 61
List the prime factors of 12560403.
3, 4186801
List the prime factors of 17751137.
467, 38011
What are the prime factors of 537075?
3, 5, 7, 11, 31
What are the prime factors of 321545?
5, 7, 9187
List the prime factors of 2018889.
3, 101, 2221
List the prime factors of 777079.
61, 12739
What are the prime factors of 10873872?
2, 3, 25171
List the prime factors of 1229480.
2, 5, 7, 4391
What are the prime factors of 6676016?
2, 417251
List the prime factors of 561568.
2, 7, 23, 109
List the prime factors of 3633986.
2, 967, 1879
What are the prime factors of 7640869?
19, 149, 2699
List the prime factors of 387522.
2, 3, 21529
List the prime factors of 775809.
3, 86201
What are the prime factors of 16444?
2, 4111
List the prime factors of 23619282.
2, 3, 29, 135743
What are the prime factors of 1110938?
2, 227, 2447
List the prime factors of 1062160.
2, 5, 11, 17, 71
What are the prime factors of 107215?
5, 41, 523
What are the prime factors of 267874?
2, 151, 887
List the prime factors of 411131.
7, 58733
What are the prime factors of 1549518?
2, 3, 258253
List the prime factors of 2130565.
5, 19, 41, 547
What are the prime factors of 139209?
3, 7, 947
List the prime factors of 5734594.
2, 2867297
List the prime factors of 199920.
2, 3, 5, 7, 17
What are the prime factors of 5173887?
3, 59, 29231
What are the prime factors of 5837?
13, 449
What are the prime factors of 24976444?
2, 271, 23041
List the prime factors of 4872493.
19, 29, 37, 239
List the prime factors of 1438202.
2, 719101
What are the prime factors of 16068620?
2, 5, 61, 13171
What are the prime factors of 4468585?
5, 11, 113, 719
List the prime factors of 14336759.
29, 43, 11497
What are the prime factors of 887650?
2, 5, 41, 433
List the prime factors of 215107.
251, 857
What are the prime factors of 109679?
67, 1637
What are the prime factors of 81478?
2, 40739
What are the prime factors of 311045?
5, 7, 8887
What are the prime factors of 104054?
2, 52027
What are the prime factors of 94829?
7, 19, 23, 31
List the prime factors of 33352.
2, 11, 379
List the prime factors of 1528866.
2, 3, 157, 541
What are the prime factors of 2450126?
2, 7, 19, 61, 151
List the prime factors of 3131908.
2, 13, 41, 113
What are the prime factors of 1403567?
11, 127597
What are the prime factors of 123306?
2, 3, 20551
What are the prime factors of 17180583?
3, 7, 818123
What are the prime factors of 676126?
2, 11, 73, 421
What are the prime factors of 3193974?
2, 3, 7, 25349
List the prime factors of 1319830.
2, 5, 59, 2237
What are the prime factors of 116690?
2, 5, 7, 1667
What are the prime factors of 5002975?
5, 293, 683
What are the prime factors of 14471121?
3, 7, 98443
What are the prime factors of 88366?
2, 17, 23, 113
List the prime factors of 809011.
7, 47, 2459
What are the prime factors of 868880?
2, 5, 10861
What are the prime factors of 150121?
23, 61, 107
What are the prime factors of 265120?
2, 5, 1657
List the prime factors of 12583642.
2, 6291821
List the prime factors of 4167807.
3, 7, 23, 8629
List the prime factors of 261328.
2, 16333
List the prime factors of 149292.
2, 3, 11, 13, 29
What are the prime factors of 508962?
2, 3, 84827
List the prime factors of 7467568.
2, 466723
List the prime factors of 4932687.
3, 1644229
List the prime factors of 1761704.
2, 7, 163, 193
List the prime factors of 1899097.
229, 8293
What are the prime factors of 223263?
3, 8269
List the prime factors of 197406.
2, 3, 11, 997
What are the prime factors of 14096692?
2, 31, 113683
What are the prime factors of 15800499?
3, 11, 13, 12277
What are the prime factors of 4179625?
5, 29, 1153
What are the prime factors of 10395017?
41, 253537
What are the prime factors of 111606?
2, 3, 11, 19, 89
List the prime factors of 3788814.
2, 3, 631469
List the prime factors of 9955042.
2, 4977521
List the prime factors of 112963.
83, 1361
What are the prime factors of 161617?
29, 5573
List the prime factors of 1739402.
2, 7, 17749
List the prime factors of 1076388.
2, 3, 19, 4721
What are the prime factors of 265200?
2, 3, 5, 13, 17
What are the prime factors of 2312038?
2, 1156019
List the prime factors of 1612611.
3, 7, 11, 13, 179
What are the prime factors of 18052362?
2, 3, 109, 3067
List the prime factors of 375653.
59, 6367
List the prime factors of 2631077.
2631077
List the prime factors of 2073588.
2, 3, 11, 23, 683
What are the prime factors of 712993?
263, 2711
What are the prime factors of 6180955?
5, 11, 41, 2741
List the prime factors of 264664.
2, 33083
List the prime factors of 6136.
2, 13, 59
List the prime factors of 4773912.
2, 3, 11, 13, 107
What are the prime factors of 3695581?
3695581
List the prime factors of 306259.
306259
What are the prime factors of 378581?
7, 54083
List the prime factors of 4386278.
2, 13, 73, 2311
What are the prime factors of 7380243?
3, 13, 63079
List the prime factors of 95893.
7, 19, 103
What are the prime factors of 125144?
2, 15643
What are the prime factors of 1285119?
3, 11, 4327
What are the prime factors of 504989?
504989
List the prime factors of 217281.
3, 23, 4